{"id":2,"date":"2008-08-05T19:30:36","date_gmt":"2008-08-05T17:30:36","guid":{"rendered":"http:\/\/www.zeitgeistlos.de\/zgblog\/?page_id=2"},"modified":"2026-01-21T21:28:50","modified_gmt":"2026-01-21T20:28:50","slug":"ueber","status":"publish","type":"page","link":"https:\/\/www.zeitgeistlos.de\/zgblog\/ueber\/","title":{"rendered":"\u00dcber mich"},"content":{"rendered":"<p style=\"text-align: justify;\"><img decoding=\"async\" class=\"alignleft wp-image-43196 size-thumbnail\" src=\"https:\/\/www.zeitgeistlos.de\/zgblog\/wp-content\/uploads\/epikur01-125x150.jpg\" alt width=\"125\" height=\"150\" srcset=\"https:\/\/www.zeitgeistlos.de\/zgblog\/wp-content\/uploads\/epikur01-125x150.jpg 125w, https:\/\/www.zeitgeistlos.de\/zgblog\/wp-content\/uploads\/epikur01-334x400.jpg 334w, https:\/\/www.zeitgeistlos.de\/zgblog\/wp-content\/uploads\/epikur01-855x1024.jpg 855w, https:\/\/www.zeitgeistlos.de\/zgblog\/wp-content\/uploads\/epikur01-768x919.jpg 768w, https:\/\/www.zeitgeistlos.de\/zgblog\/wp-content\/uploads\/epikur01-251x300.jpg 251w, https:\/\/www.zeitgeistlos.de\/zgblog\/wp-content\/uploads\/epikur01.jpg 923w\" sizes=\"(max-width: 125px) 100vw, 125px\">Seit 2008 wurden auf dem ZG-Blog mehr als 2.500 Beitr\u00e4ge ver\u00f6ffentlicht. Die Redaktion besteht aus \u00bbepikur\u00ab und zwei ehemaligen Schreiberlingen: \u00bbtodesglupsch\u00ab und \u00bbjtheripper\u00ab. Das Blog thematisiert nicht nur das tagesaktuelle Geschehen, sondern m\u00f6chte auch eigene Schwerpunkte setzen. Wiederkehrende Themen sind Politik, Medien- und Sprachkritik sowie P\u00e4dagogik.<\/p>\n<p style=\"text-align: justify;\">Das ZG-Blog versteht sich als freidenkende, kritische Einsch\u00e4tzung des Zeitgeistes. Jenseits vom Rechts-Links-Lagerdenken geht es mir um Empathie, Freiheit, Grundrechte, Frieden, Vernunft Menschlichkeit und Meinungsfreiheit. Ich lasse mir hier ungern Denkverbote, Tabuzonen oder einen Stacheldraht um den Kopf wickeln und w\u00fcrde mich als politisch nonbin\u00e4r bezeichnen.<\/p>\n<p>Wer mich unbedingt politisch \u00bbeinordnen\u00ab will, weil es ja so wichtig ist, nicht die Inhalte und die Argumente, sondern die \u00bbLagerzugeh\u00f6rigkeit\u00ab festzustellen, damit man sich gegebenenfalls von mir \u00bbdistanzieren\u00ab kann \u2014 der darf sich gerne <a href=\"https:\/\/www.zeitgeistlos.de\/zgblog\/2025\/impfquisition-2\/\" target=\"_blank\" rel=\"noopener\">mein Statement dazu<\/a> reinziehen.<\/p>\n<p style=\"text-align: justify;\">Das ZG-Blog verfolgt keinerlei kommerzielle Absichten und wird daher auch jede <a href=\"https:\/\/www.zeitgeistlos.de\/zgblog\/2019\/die-seo-filter-bubble-2\/\" target=\"_blank\" rel=\"noopener noreferrer\">SEO-Anfrage<\/a> kommentarlos l\u00f6schen und\/oder ignorieren. Auch kommerzielle Werbelinks werden von mir entfernt.<\/p>\n<h2>Deine Kontakt-Informationen<\/h2>\n<p>epikur77 at gmx.de. Die Anschrift kann in dringenden F\u00e4llen via E\u2011Mail erfragt werden, wird hier aber aus Sicherheitsgr\u00fcnden nicht ver\u00f6ffentlicht. Dieses Blog ist eine rein private Angelegenheit, ist mehr Tagebuch als \u00bbjournalistisches Produkt\u00ab und verfolgt keinerlei kommerzielles Interesse.<\/p>\n<hr>\n<p><strong>Ausgew\u00e4hlte Rubriken:<\/strong><\/p>\n<p><a href=\"https:\/\/www.zeitgeistlos.de\/zgblog\/?s=neulich&amp;submit=Suchen\" target=\"_blank\" rel=\"noopener noreferrer\">Neulich...<\/a><br>\n<a href=\"https:\/\/www.zeitgeistlos.de\/zgblog\/?s=neusprech&amp;submit=Suchen\" target=\"_blank\" rel=\"noopener noreferrer\">Neusprech<\/a><br>\n<a href=\"https:\/\/www.zeitgeistlos.de\/zgblog\/?s=propaganda&amp;submit=Suchen\" target=\"_blank\" rel=\"noopener noreferrer\">Propaganda<\/a><br>\n<a href=\"https:\/\/www.zeitgeistlos.de\/zgblog\/?s=lebensfreude&amp;submit=Suchen\" target=\"_blank\" rel=\"noopener noreferrer\">Lebensfreude<\/a><br>\n<a href=\"https:\/\/www.zeitgeistlos.de\/zgblog\/?s=medienkompetenz&amp;submit=Suchen\" target=\"_blank\" rel=\"noopener noreferrer\">Medienkompetenz<\/a><br>\n<a href=\"https:\/\/www.zeitgeistlos.de\/zgblog\/?s=geschw%C3%A4tz+von+gestern&amp;submit=Suchen\" target=\"_blank\" rel=\"noopener noreferrer\">Geschw\u00e4tz von gestern<\/a><br>\n<a href=\"https:\/\/www.zeitgeistlos.de\/zgblog\/?s=kinder+in+deutschland&amp;submit=Suchen\" target=\"_blank\" rel=\"noopener noreferrer\">Kinder in Deutschland<\/a><br>\n<a href=\"https:\/\/www.zeitgeistlos.de\/zgblog\/?s=ziegenjournalismus&amp;submit=Suchen\" target=\"_blank\" rel=\"noopener noreferrer\">Ziegenjournalismus<\/a><br>\n<a href=\"https:\/\/www.zeitgeistlos.de\/zgblog\/?s=Unbequeme+Fragen&amp;submit=Suchen\" target=\"_blank\" rel=\"noopener noreferrer\">Unbequeme Fragen<\/a><br>\n<a href=\"https:\/\/www.zeitgeistlos.de\/zgblog\/?s=verschw%C3%B6rungsleugner&amp;submit=Suchen\" target=\"_blank\" rel=\"noopener noreferrer\">Verschw\u00f6rungsleugner<\/a><br>\n<a href=\"https:\/\/www.zeitgeistlos.de\/zgblog\/?s=die+gro%C3%9Fe+Debilmachung&amp;submit=Suchen\" target=\"_blank\" rel=\"noopener\">Die gro\u00dfe Debilmachung<\/a><br>\n<a href=\"https:\/\/www.zeitgeistlos.de\/zgblog\/?s=happen&amp;submit=Suchen\" target=\"_blank\" rel=\"noopener noreferrer\">Der p\u00e4dagogische Happen<\/a><br>\n<a href=\"https:\/\/www.zeitgeistlos.de\/zgblog\/?s=Bananenrepublik+Deutschland&amp;submit=Suchen\" target=\"_blank\" rel=\"noopener\">Bananenrepublik Deutschland<\/a><br>\n<a href=\"https:\/\/www.zeitgeistlos.de\/zgblog\/?s=lohnarbeitswahnsinn&amp;submit=Suchen\" target=\"_blank\" rel=\"noopener noreferrer\">Der t\u00e4gliche Lohnarbeitswahnsinn<\/a><\/p>\n<p><img decoding=\"async\" class=\"alignleft size-full wp-image-34560\" src=\"https:\/\/www.zeitgeistlos.de\/zgblog\/wp-content\/uploads\/profil_epikur.jpg\" alt width=\"75\" height=\"100\">Kurz-Vita: Meine Diplom-Arbeit im Studien-Fach Politikwissenschaft, an der Otto-Suhr-Universit\u00e4t in Berlin, trug den Titel \u00bbNeoliberalismus und Sprache\u00ab. Die Themenbereiche Sprache und Medienkritik kommen insofern im ZG-Blog immer wieder vor. Nachdem ich eine Zeitlang bei Medienagenturen gearbeitet habe, bin ich aktuell an einer Grundschule als p\u00e4dagogische Fachkraft angestellt, und schlage mich nun mit den t\u00e4glichen Irrungen der deutschen Bildungspolitik herum.<\/p>\n<hr>\n<p><strong>Ausgew\u00e4hlte Ver\u00f6ffentlichungen in anderen Medien:<\/strong><\/p>\n<p>Berliner Zeitung: <a href=\"https:\/\/archive.ph\/chp0j\" target=\"_blank\" rel=\"noopener\">\u00bbDas Soziale Lernen\u00ab<\/a><br>\nManova: <a href=\"https:\/\/www.manova.news\/artikel\/der-corona-neusprech\" target=\"_blank\" rel=\"noopener\">\u00bbDer Corona-Neusprech\u00ab<\/a><br>\nAd Sinistram:<a href=\"https:\/\/ad-sinistram.blogspot.com\/search\/label\/Non%20est%20omen\" target=\"_blank\" rel=\"noopener noreferrer\"> \u00bbNomen non est omen\u00ab<\/a><br>\nBl\u00e4tter f\u00fcr deutsche und internationale Politik: <a href=\"https:\/\/www.blaetter.de\/ausgabe\/2016\/juli\/medien-ohne-selbstkritik\" target=\"_blank\" rel=\"noopener noreferrer\">\u00bbMedien ohne Selbstkritik?\u00ab<\/a><\/p>\n<p><strong>Copyright:<\/strong><\/p>\n<p>Die meisten Bilder sind private Fotos und\/oder Collagen von mir (sofern nicht anders angegeben). Sofern ich irgendwelche Rechte verletzt haben sollte, sagt mir doch bitte Bescheid, bevor Ihr zu einem Anwalt rennt. Mit mir kann man \u00fcber alles reden. Ihr k\u00f6nnt gerne meine Beitr\u00e4ge \u2011in Ausz\u00fcgen- kopieren, sofern eine Verlinkung zum ZG-Blog stattfindet. Die komplette \u00dcbernahme von Texten und Bildern \u2011ohne R\u00fccksprache mit mir- erlaube ich nicht. Ich investiere viel ehrenamtliche Zeit und Herzblut in dieses Projekt und ich empfinde es als sehr unh\u00f6flich und respektlos, sich mit meinen Federn zu schm\u00fccken. Ich danke euch!<\/p>\n<hr>\n<hr>\n<p><strong>(ehemalig)<\/strong><\/p>\n<p style=\"text-align: justify;\"><strong><img decoding=\"async\" class=\"alignleft\" title=\"jtheripper\" src=\"http:\/\/www.zeitgeistlos.de\/pics\/profil_ripper.jpg\" alt>jtheripper<\/strong><br>\njtheripper hat sein Pseudonym von der Jack the Ripper-Verfilmung von 1988 (TV-Film\/UK) mit Michael Caine. Seit dem nannte er sich in Videospielen, wo man jeden Buchstaben einzeln aus dem Alphabet ausw\u00e4hlen muss auch nur \u00bbRipper\u00ab. Wird aber auch mal \u00bbRipperle\u00ab oder \u00bbRippchen\u00ab gennant.<\/p>\n<p>Zum Schreiben ist er durch den Zusammenschluss vom ZG-Team gekommen. Am Anfang war es noch gr\u00f6\u00dfenteils &lt;html&gt;&lt;body&gt;&lt;p&gt;Hello World&lt;\/p&gt;&lt;\/body&gt;&lt;\/html&gt;, aber mit der Zeit wurden es vollst\u00e4ndige S\u00e4tze. Jedoch ist es f\u00fcr ihn immer noch ein gro\u00dfer Kampf seine wirren Gedanken in eine verst\u00e4ndliche Struktur zu bringen. Deswegen ist er auch sehr stolz auf seinen Abschluss in der \u00bbSchreibwerkstatt\u00ab. Dagegen ist er in seinem Element, wenn es um visuelle Eindr\u00fccke geht: Ob bunt und schnelle Bewegungen oder schwarz\/wei\u00df und Stillstand spielt da keine Rolle.<\/p>\n<hr>\n<p><strong>(ehemalig)<\/strong><\/p>\n<p style=\"text-align: justify;\"><img decoding=\"async\" class=\"alignleft\" title=\"todesglupsch\" src=\"http:\/\/www.zeitgeistlos.de\/pics\/profil_todes.jpg\" alt><strong>todesglupsch<\/strong><br>\nIn grauer Vorzeit war nicht alles besser, aber vieles schlechter. So begab es sich, dass die Lokalisation eines digitalen Unterhaltungsproduktes, angesiedelt im Phantastischen, eine sehr eigene Qualit\u00e4t aufwies. Eine ohnehin schon recht groteske Kreatur die im original Wortlaut oft als \u00bbBeholder\u00ab bezeichnet wird und so etwas wie eine schwebende Kugel mit einem riesen Auge im Zentrum darstellt, wurde so elegant in die deutsche Sprache integriert, dass dies einer besonderen W\u00fcrdigung bedurfte. \u00bbTodesglupsch\u00ab sollte fortan der Name sein unter dem unser junger Protagonist seine weiteren Abenteuer bestreiten w\u00fcrde. Die Jugendlichkeit relativierte sich alsbald, die Identifikation mit einem schwebenden, abgrundtief b\u00f6sen Riesenauge blieb erhalten.<\/p>\n<p>Das die Kunst des Schreibens mit solch deutlichen k\u00f6rperlichen Einschr\u00e4nkungen nicht gerade der nat\u00fcrlichen Begabung eines solchen Wesens entspricht sollte einleuchten, doch wer t\u00f6dliche Strahlen emitiert, wird wohl auch dies noch bew\u00e4ltigen. So oder so \u00e4hnlich wird wohl der Gedankengang gewesen sein, der unseren todesglupsch dazu animierte die Schreibfeder auch ohne passende Triebfeder in die nicht vorhandene Hand zu nehmen. Nach der \u00dcberwindung all der Widrigkeiten stand ohnehin die Erkenntnis, dass das Schreiben, neben vielen Dingen, vor allem eine Frage des Willens ist.<\/p>\n<p>So war, vor allem Anfangs, die digitale Unterhaltung h\u00e4ufig Anlass f\u00fcr das Verfassen von Schriftwerken. Mit dem Verlust von Jugendlichkeit, schien aber das Interesse an digitaler Unterhaltung einer Form von Reife zu weichen. Nat\u00fcrlich trog der Schein und der Spieltrieb sollte sich lediglich vom Digitalen ins Semireale verlagern. Das Seitw\u00e4rtsdrehen kleiner Pappkarten mit der Aufschrift \u00bbMagic: the Gathering\u00ab war nun der Zeitvertreib der Wahl und sollte es f\u00fcr lange Zeit bleiben. Hier und da werden auch klassischere, nicht interaktive Medien als Anlass f\u00fcr das Verfassen von Schriften genutzt, aber so oder so ist das Schreiben eher vom Sporadischen gepr\u00e4gt.<\/p>\n","protected":false},"excerpt":{"rendered":"<p>Seit 2008 wurden auf dem ZG-Blog mehr als 2.500 Beitr\u00e4ge ver\u00f6ffentlicht. Die Redaktion besteht aus \u00bbepikur\u00ab und zwei ehemaligen Schreiberlingen: \u00bbtodesglupsch\u00ab und \u00bbjtheripper\u00ab. Das Blog thematisiert nicht nur das tagesaktuelle Geschehen, sondern m\u00f6chte auch eigene Schwerpunkte setzen. Wiederkehrende Themen sind \u2026 <a href=\"https:\/\/www.zeitgeistlos.de\/zgblog\/ueber\/\">Weiterlesen <span class=\"meta-nav\">\u2192<\/span><\/a><\/p>\n","protected":false},"author":6,"featured_media":0,"parent":0,"menu_order":0,"comment_status":"open","ping_status":"closed","template":"","meta":{"wp_typography_post_enhancements_disabled":false,"footnotes":""},"class_list":["post-2","page","type-page","status-publish","hentry"],"_links":{"self":[{"href":"https:\/\/www.zeitgeistlos.de\/zgblog\/wp-json\/wp\/v2\/pages\/2","targetHints":{"allow":["GET"]}}],"collection":[{"href":"https:\/\/www.zeitgeistlos.de\/zgblog\/wp-json\/wp\/v2\/pages"}],"about":[{"href":"https:\/\/www.zeitgeistlos.de\/zgblog\/wp-json\/wp\/v2\/types\/page"}],"author":[{"embeddable":true,"href":"https:\/\/www.zeitgeistlos.de\/zgblog\/wp-json\/wp\/v2\/users\/6"}],"replies":[{"embeddable":true,"href":"https:\/\/www.zeitgeistlos.de\/zgblog\/wp-json\/wp\/v2\/comments?post=2"}],"version-history":[{"count":84,"href":"https:\/\/www.zeitgeistlos.de\/zgblog\/wp-json\/wp\/v2\/pages\/2\/revisions"}],"predecessor-version":[{"id":53256,"href":"https:\/\/www.zeitgeistlos.de\/zgblog\/wp-json\/wp\/v2\/pages\/2\/revisions\/53256"}],"wp:attachment":[{"href":"https:\/\/www.zeitgeistlos.de\/zgblog\/wp-json\/wp\/v2\/media?parent=2"}],"curies":[{"name":"wp","href":"https:\/\/api.w.org\/{rel}","templated":true}]}}